In base 4, what is 2300210 + 121033?
3021303
In base 2, what is -1010111010001 - -100011111110?
-110011010011
In base 7, what is -4 - 5014456543?
-5014456550
In base 16, what is -7 - -c5aea?
c5ae3
In base 9, what is -17512050 + -13?
-17512063
In base 13, what is 2 + 39851c4?
39851c6
In base 7, what is 20203 - 4004?
13166
In base 10, what is 4 - -939163?
939167
In base 14, what is -81bd0c6 + 5?
-81bd0c1
In base 12, what is 4665b98 + 5?
4665ba1
In base 6, what is 112 + -112054341?
-112054225
In base 13, what is 8 + 6c2?
6ca
In base 8, what is 2305322 - -41?
2305363
In base 10, what is -12123219 - 7?
-12123226
In base 13, what is -a362c955 - 2?
-a362c957
In base 5, what is 4 - -201313114130?
201313114134
In base 12, what is -32a2 - 2146?
-5428
In base 12, what is 229a3 + -2b0?
226b3
In base 12, what is -19667 - -9b?
-19588
In base 7, what is 52014320 - 155?
52014132
In base 8, what is 11 + -1762353?
-1762342
In base 9, what is 32282531 - -5?
32282536
In base 2, what is -111 - 10111111111110101000101010?
-10111111111110101000110001
In base 6, what is 1200041550 + -1?
1200041545
In base 15, what is -12 + d2344?
d2332
In base 15, what is -c76b - -48?
-c723
In base 14, what is -2549d + -6dc?
-25b9b
In base 9, what is -463 - -28316?
27743
In base 9, what is 267 - 240864?
-240586
In base 6, what is 2 + -2232134334?
-2232134332
In base 6, what is -12 - -24152543?
24152531
In base 13, what is -36911b + -109?
-369227
In base 11, what is -3 - 784952?
-784955
In base 2, what is 0 - -111011011010100110110?
111011011010100110110
In base 6, what is -12522242 - 11323?
-12534005
In base 6, what is 4322552050 + 5?
4322552055
In base 10, what is 29049 + -3659?
25390
In base 8, what is 211 - 107465?
-107254
In base 15, what is 8001 - -3d0?
83d1
In base 3, what is 221 - 1220011000011?
-1220010222020
In base 15, what is -5 - -2e3eee?
2e3ee9
In base 12, what is 39429 - 3a4?
39045
In base 5, what is 12113 - 124222?
-112104
In base 6, what is 3 + -53534501?
-53534454
In base 2, what is -11010100 - 101010101011110?
-101011000110010
In base 4, what is -2031213031321 + -12?
-2031213031333
In base 7, what is 1336 - -1524105?
1525444
In base 5, what is 1403 + -13344401?
-13342443
In base 4, what is 113 + -201033330012?
-201033323233
In base 5, what is -3230042 - 10341?
-3240433
In base 2, what is -1011000010111001001110 - 101?
-1011000010111001010011
In base 6, what is 551 + 132221222?
132222213
In base 11, what is -7599 - 101a?
-8608
In base 2, what is -10100110100101110100 - 100101?
-10100110100110011001
In base 8, what is 116337 - 146?
116171
In base 4, what is 112030000 + 3001232?
121031232
In base 15, what is 13c - 2c69?
-2b2c
In base 7, what is -116 + -15450065?
-15450214
In base 16, what is d + -323372?
-323365
In base 6, what is 244532421 + -14?
244532403
In base 8, what is 55770074 - -5?
55770101
In base 14, what is 8a8 + 176bca?
177694
In base 8, what is -3427202 - -4?
-3427176
In base 5, what is -3 - -103432402222?
103432402214
In base 15, what is 1 + -4cea037?
-4cea036
In base 2, what is -10001001110011101111101010 - -11?
-10001001110011101111100111
In base 16, what is -3 - -507a5c?
507a59
In base 15, what is 173b43 - 65?
173acd
In base 4, what is -113111 + -12003231?
-12123002
In base 11, what is -1302 - 1121?
-2423
In base 5, what is -12442404 + -2402?
-13000311
In base 9, what is -6215 - 582?
-6807
In base 10, what is -475 + -97737?
-98212
In base 5, what is -3204104130 + -3?
-3204104133
In base 2, what is -1101110110101 - 100011000011011?
-110000111010000
In base 12, what is -b92 + 2428?
1456
In base 12, what is 1b1031 - -24?
1b1055
In base 10, what is 0 + 3742449?
3742449
In base 3, what is 2222011020021122 + -2?
2222011020021120
In base 9, what is 711 - -1062515?
1063326
In base 14, what is -1987275 + 1?
-1987274
In base 13, what is 29c80b2a6 - 5?
29c80b2a1
In base 16, what is 3 + c43ee0?
c43ee3
In base 2, what is -111011 + 11101000110001?
11100111110110
In base 13, what is -2 + 4784085?
4784083
In base 14, what is 12c01 + -a0?
12b41
In base 13, what is -3766 - 22c7?
-5a60
In base 6, what is 1 + -1024204001?
-1024204000
In base 16, what is 228be1 - 2?
228bdf
In base 15, what is 1 + 2c106c?
2c106d
In base 10, what is 7649097 - 3?
7649094
In base 2, what is -111110011110100001 + -11101?
-111110011110111110
In base 6, what is 2 - 125252204?
-125252202
In base 8, what is -32645162 + 26?
-32645134
In base 11, what is -2aa39 - -34?
-2aa05
In base 14, what is 36b38b - 180?
36b20b
In base 6, what is 3315325 - 532?
3314353
In base 4, what is 330120 + 3001?
333121
In base 10, what is -1930652 - 0?
-1930652
In base 16, what is 93cbe - 6?
93cb8
In base 4, what is 1310 - -1130032231?
1130100201
In base 7, what is -245 + -2156426?
-2160004
In base 3, what is -2 + 100021010201102002?
100021010201102000
In base 2, what is -11000011001010100010111110010 + -11?
-11000011001010100010111110101
In base 10, what is 30 + 381253?
381283
In base 16, what is 67d60 + 7?
67d67
In base 13, what is -20a2 + 612?
-1790
In base 10, what is 568 - 20489?
-19921
In base 5, what is 4122410 - -42?
4123002
In base 4, what is -10 + -10212212320232?
-10212212320302
In base 15, what is -132eb4 - -13b?
-132d78
In base 4, what is -1312 - -2022202032?
2022200120
In base 9, what is 3700748 - -24?
3700773
In base 14, what is 1312a8 - 2dd?
130da9
In base 4, what is 1333 - 232313103?
-232311110
In base 14, what is 38 - 2338c1?
-233887
In base 5, what is 21223 + 31311?
103034
In base 11, what is 7 - -123228322?
123228329
In base 15, what is 10db76 + -37?
10db3e
In base 14, what is 11 - -8b3a8?
8b3b9
In base 15, what is -bde19 + 4?
-bde15
In base 16, what is -24705 + -23?
-24728
In base 2, what is 1001110010001001101 - 10110100?
1001110001110011001
In base 9, what is 16 + -40673350?
-40673333
In base 2, what is -100100000100011100000 + -1001101?
-100100000100100101101
In base 16, what is -1 - 1b3246?
-1b3247
In base 13, what is 3 + 2cb652?
2cb655
In base 14, what is 9aa22 + a05?
9b627
In base 9, what is 67661047 - -5?
67661053
In base 2, what is 10010000011 - -1000111110101011011?
1001000000111011110
In base 16, what is -a1f + f8a?
56b
In base 3, what is 11 + 121011022100020111?
121011022100020122
In base 16, what is -1 + -2f59220?
-2f59221
In base 8, what is -104571262 + -3?
-104571265
In base 7, what is 2442336104 - 5?
2442336066
In base 2, what is -1011101001011 + -10001011001?
-1101110100100
In base 5, what is -4 - -1324130402?
1324130343
In base 5, what is 3013411 + -243?
3013113
In base 3, what is -11110212 + -222100121?
-1010211110
In base 9, what is 2752 + -43213?
-40351
In base 11, what is -6 - 18584876?
-18584881
In base 5, what is 1023122 - 322?
1022300
In base 9, what is -5111612 - 0?
-5111612
In base 13, what is -3 + -441653?
-441656
In base 3, what is 10012202 - -11001120?
21021022
In base 4, what is 11 + -103232000322?
-103232000311
In base 8, what is 3507 + -35130?
-31421
In base 8, what is -1 + -5740311?
-5740312
In base 8, what is 21355 - 67015?
-45440
In base 10, what is 940971 + -6?
940965
In base 6, what is -3 - 4113322501?
-4113322504
In base 4, what is -2 + -1211031302110?
-1211031302112
In base 16, what is -12 + -46174?
-46186
In base 7, what is 2321 + -200343?
-165022
In base 16, what is 2df + 3902e?
3930d
In base 11, what is -19 + -661329?
-661347
In base 13, what is -31b43cb9 + -5?
-31b43cc1
In base 4, what is 112202 - 1121333?
-1003131
In base 5, what is -2423030 - 1210?
-2424240
In base 13, what is 985112 - 47?
985098
In base 5, what is -31420240 - -130?
-31420110
In base 7, what is -10534204 + 4?
-10534200
In base 5, what is 0 - 2300301302?
-2300301302
In base 15, what is 43bddb + -6a?
43bd71
In base 12, what is -67501 + -225?
-67726
In base 13, what is 4b - -396c?
39ba
In base 8, what is -103 - -437715?
437612
In base 8, what is -102126 - 2050?
-104176
In base 15, what is -2 - -c960d5?
c960d3
In base 14, what is 845b49 + -152?
8459d7
In base 2, what is -101011 - 1110111011111100111001?
-1110111011111101100100
In base 3, what is 2021 + -12101112220110?
-12101112211012
In base 15, what is -130 + -3a96?
-3bc6
In base 4, what is 2111300210 - -1201?
2111302011
In base 9, what is 1315821 + 7?
1315828
In base 5, what is -20132 + -1144?
-21331
In base 15, what is e6 - -7927b5?
79